e greatest common factor of 18 and r?
18
Let g = -2 + 5. Suppose -c + 4 = -2*i - 0, g*c = 2*i + 12. Suppose -2*s - 3*d + 12 = -17, i = -s + 2*d + 11. What is the greatest common divisor of 65 and s?
13
Let u(g) = -g**3 + 7*g**2 - 8*g + 5. Let b be u(5). Let n be (2/(-3))/((-2)/b). Calculate the greatest common factor of 25 and n.
5
Suppose 2*i = -0*i + 42. Calculate the greatest common divisor of i and 147.
21
Suppose 2*t = -0*t + 2. Suppose -t = c - 45. What is the greatest common factor of c and 22?
22
Suppose -4*s + 4*x = -48, 0 = s - 4*x + 6*x. Calculate the highest common divisor of s and 28.
4
Suppose -c - 3 = -2, -5*c = -3*n + 41. Let z = -24 - -53. Let d = 59 - z. What is the greatest common factor of d and n?
6
Suppose 7*n - 810 = 2*n. Let b be (n/4)/(15/40). What is the greatest common divisor of 18 and b?
18
Suppose -h = h. Let r be -1*(h - -2)*-2. Let n be ((-16)/(-6))/(4/6). What is the greatest common factor of n and r?
4
Let w be -1 + -2 + 7 + -2. Calculate the greatest common factor of w and 10.
2
Let a(r) = -2*r - 14. Let n be a(-15). What is the highest common divisor of 32 and n?
16
Let s(n) = -n**2 + 27*n - 33. Let a be s(22). What is the highest common divisor of a and 44?
11
Suppose 3*q - 63 + 27 = 0. Calculate the highest common factor of 96 and q.
12
Let b = 6 + 218. Let w = 392 - b. What is the highest common divisor of w and 21?
21
Let k(d) = -2*d. Let t be k(-5). Suppose 1 + 2 = 3*j. Let b = 6 - j. What is the highest common factor of t and b?
5
Suppose 4*d + 4 = 5*b, 3*d - d + b - 12 = 0. Let u = 96 + -56. Suppose 0 = 2*v - u - 48. What is the greatest common factor of d and v?
4
Let l be 23/5 - 9/15. Suppose -2*h = 5*n - l*n - 87, 5*n - 365 = 4*h. Calculate the highest common divisor of 11 and n.
11
Let c(y) = -16*y. Let p be c(1). Let h be (72/p)/(3/(-52)). Calculate the highest common divisor of h and 13.
13
Suppose 5*s + a = -0*a + 12, -2 = -5*s + 4*a. Suppose -s*z - 6 = -16. What is the highest common factor of 25 and z?
5
Let j = -141 - -245. Calculate the greatest common factor of j and 13.
13
Let b(r) = -8*r - 1. Let i(n) = -7*n - 7*n - 2 - 9*n. Let g(c) = -17*b(c) + 6*i(c). Let u be g(-5). Calculate the greatest common factor of u and 5.
5
Let v = 96 - 66. What is the greatest common divisor of 75 and v?
15
Suppose -25 = 5*u, 0 = 2*c + 4*u - 114 - 16. Calculate the highest common factor of c and 15.
15
Let l(q) = -4*q**3 - 2*q**2 + q + 2. Let k be (5/2)/((-1)/2). Let a = k - -3. Let s be l(a). What is the greatest common divisor of s and 36?
12
Let d = -135 - -169. What is the highest common divisor of 51 and d?
17
Let g = 155 - 67. Calculate the greatest common divisor of 11 and g.
11
Suppose 3*s = -o + 11, 0 = 2*o - 5*o - 5*s + 21. Calculate the highest common divisor of o and 22.
2
Let u(q) = -25*q - 1 + 3 + 0. Let d be u(6). Let l be 2/(-8) - d/16. What is the highest common factor of l and 3?
3
Let i(u) = -4*u - 8. Let f be i(-6). Let z be ((-84)/49)/((-2)/56). What is the greatest common divisor of f and z?
16
Let u = -2 - -80. Suppose -u = -2*o + 2*p, 0 = -3*o + 2*p + 34 + 84. Let f(i) = 8*i**2 + i - 1. Let r be f(1). What is the greatest common divisor of r and o?
8
Let b(m) be the second derivative of m**4/12 + m**3/2 - 5*m**2 - 3*m. Let d be b(-9). Suppose 2*n = 4 + 18. Calculate the greatest common divisor of d and n.
11
Let x = -5 - -115. Let k be 4/18 - 176/(-18). What is the highest common divisor of k and x?
10
Suppose 0 = 2*g + 3*i - 1, 6*i = -3*g + 2*i + 4. Let k(m) = m + 10. Let t be k(g). What is the greatest common divisor of 18 and t?
18
Let v(k) = 8*k**2 + 4*k - 4. Let y be v(2). Suppose 4*b - y = -0. Calculate the highest common factor of b and 63.
9
Let x(c) = 14*c - c**2 + 5 - 6*c - 1. Let n be x(8). What is the greatest common divisor of n and 2?
2
Suppose -34 = 4*h + 22. Let o = h - -23. Suppose -2*z + 4*g = -2, 5*z - 4*g = 29 - 0. Calculate the highest common divisor of o and z.
9
Let c be 1*(2 - -1)*-1. Let y be (c - -1)*18/(-4). What is the greatest common divisor of y and 99?
9
Let y = -147 - -152. Let v(j) = -17*j + 4. Let f be v(-3). Calculate the highest common factor of f and y.
5
Suppose 0*z + 5*z - 5*g - 110 = 0, 2*z + g - 41 = 0. Let v(f) = -f**3 + 5. Let d be v(0). Let p = 2 + d. Calculate the highest common factor of p and z.
7
Let i(t) = t + 1. Let r be i(-6). Let z be ((-1)/1)/(1/r). Calculate the greatest common divisor of 35 and z.
5
Let f(p) = -p**2 - 2*p. Let x be f(-2). Suppose x = 4*w - 5 - 11. Suppose 12 = 3*n, 0*r - 4*r + w*n + 84 = 0. Calculate the greatest common factor of 10 and r.
5
Suppose 3*t - 1 = -2*o, 0*t = -2*t + o + 3. Suppose 6 = 2*f - v, 5*f + 0*v - 33 = -2*v. Calculate the greatest common factor of t and f.
1
Let i(g) = -g - 3. Suppose 4*l - 5*u + 12 = -u, -2*l + 5*u = 3. Let h be i(l). What is the highest common divisor of h and 5?
1
Let n(r) = 13*r**3 + 1. Let f be n(-1). Let x be (-290)/f + (-1)/6. Let v be ((-648)/(-3))/(-3 + 4). Calculate the greatest common divisor of v and x.
24
Suppose 4*x - 45 = 115. Calculate the greatest common divisor of x and 10.
10
Let o(q) = -q + 32. Let u be o(15). What is the greatest common divisor of u and 17?
17
Let q = -12 + 18. Suppose -2*b + d = -34, q*d - 68 = -4*b + 2*d. What is the highest common divisor of b and 17?
17
Suppose 73 - 7 = 3*r. Suppose 5 + 3 = 4*s. Calculate the highest common factor of s and r.
2
Suppose -65 = -3*m + 37. Suppose 8*k = 3*k + 45. Let f = 26 - k. Calculate the highest common divisor of f and m.
17
Suppose 3*n + 0*n - 456 = 0. Let t = 26 + 2. Let f = t + -9. Calculate the greatest common divisor of f and n.
19
Let d(r) = 2*r**2 + 3*r - 4. Let c be d(-3). Suppose -c*s + 13 = -4*m - 92, -m = 4*s - 105. Calculate the highest common divisor of 10 and s.
5
Let s be ((-170)/(-40))/((-1)/(-44)). What is the highest common factor of s and 17?
17
Let w(y) = -y**3 - 9*y**2 - y + 2. Let g be w(-9). What is the greatest common factor of g and 88?
11
Let g be -6*2*(-2)/(-4). Let o = g + 14. Let j(p) = p + 24. Let l be j(0). What is the greatest common divisor of l and o?
8
Let n(q) = -q**2 + 8*q + 4. Let g be n(5). Suppose 0 = -5*x + 449 + 26. What is the highest common factor of x and g?
19
Let o = -7 - -11. Suppose -30*x + 37*x = 308. Calculate the greatest common factor of x and o.
4
Suppose 10*r - 63 - 177 = 0. Calculate the greatest common divisor of 88 and r.
8
Let i(a) = 0*a**2 + a**2 + 6*a**2 + 2 + 4*a - a**2 + a**3. Let f be i(-5). Calculate the highest common divisor of f and 21.
7
Let o be 16/2*14/4. What is the greatest common divisor of 28 and o?
28
Let v = -37 - -49. Let q(i) = 2*i - 6. Let d be q(5). What is the highest common factor of v and d?
4
Suppose 0 = -3*j + 2 + 7. Let t be ((-2)/(-3))/(j/297). Calculate the highest common factor of t and 6.
6
Let a be (30/(-35))/(1/(-14)). Calculate the greatest common divisor of 4 and a.
4
Suppose 20 = 4*b, 5*u + 3*b - 35 - 20 = 0. What is the greatest common factor of 1 and u?
1
Suppose -5*t + 0*t = -10. Suppose -t*p = p - 36. Suppose -5*a + 2*d + 54 = 0, 0*a = 2*a + 4*d - p. Calculate the greatest common divisor of 10 and a.
10
Let p = -15 + 40. Let l = 47 - p. What is the greatest common factor of 2 and l?
2
Let u = 10 + 60. What is the highest common divisor of u and 105?
35
Let p be 38/8 - (-7)/28. Let o = 4 - p. Let m = o - -3. What is the highest common divisor of 16 and m?
2
Suppose -2*d = 4, -4*h = -d - 53 + 7. Suppose -f - 4 = -h. What is the highest common divisor of f and 35?
7
Suppose w + w = 42. Calculate the highest common factor of 63 and w.
21
Let w(c) = 3*c**2 - 11 - 2*c - 7 + 28. Let l be w(7). Calculate the highest common divisor of 13 and l.
13
Let x be (-6)/21 + (-128)/(-7). What is the highest common divisor of x and 2?
2
Let i(s) = -11*s. Let h be i(-1). Let t be (-2)/h + 101/11. What is the highest common factor of 99 and t?
9
Let f(q) = q**3 - 2*q**2 + 7*q - 4. Let p be f(4). Let y = -25 + 39. What is the greatest common divisor of p and y?
14
Suppose -253 = -n + 2*i, n + 2*i = 4*n - 759. Let p = 292 - 269. Calculate the highest common divisor of n and p.
23
Let n be (-992)/(-5) - (-4)/(-10). Suppose 56 = h + 4*w, 0 = 4*h - w + 4*w - n. What is the greatest common factor of h and 6?
6
Let x(y) = -3*